and 37562?
7
Calculate the greatest common divisor of 46 and 4393.
23
Calculate the greatest common factor of 1612 and 13312.
52
What is the highest common factor of 195 and 10770?
15
Calculate the greatest common factor of 22412 and 16.
4
What is the highest common divisor of 7097 and 36096?
47
Calculate the greatest common factor of 540 and 69320.
20
What is the greatest common divisor of 2745 and 95?
5
Calculate the highest common divisor of 13086 and 81.
9
Calculate the greatest common factor of 206 and 2729294.
206
What is the highest common factor of 35772 and 2508?
132
What is the greatest common factor of 600460 and 1960?
140
Calculate the greatest common factor of 186 and 1119999.
93
Calculate the greatest common divisor of 31866 and 18.
6
What is the highest common divisor of 2145 and 22451?
143
Calculate the highest common factor of 32544 and 4.
4
Calculate the greatest common factor of 49335 and 585.
195
Calculate the highest common factor of 871326 and 12.
6
Calculate the greatest common divisor of 10648 and 7117.
11
Calculate the greatest common factor of 6902 and 107474.
986
Calculate the greatest common divisor of 13376 and 589.
19
Calculate the highest common divisor of 36 and 860796.
36
What is the highest common divisor of 134241 and 609?
87
Calculate the greatest common factor of 3456 and 456.
24
What is the greatest common divisor of 18 and 176040?
18
What is the greatest common divisor of 61 and 9880109?
61
Calculate the greatest common divisor of 707 and 506818.
101
What is the highest common factor of 1664269 and 773?
773
Calculate the highest common divisor of 43681 and 242.
121
What is the highest common divisor of 73 and 18862032?
73
What is the greatest common divisor of 2311412 and 244?
244
Calculate the greatest common divisor of 16296 and 399.
21
Calculate the greatest common factor of 90785 and 268.
67
Calculate the greatest common divisor of 1134 and 72918.
18
What is the greatest common divisor of 178991 and 71?
71
Calculate the highest common factor of 10472 and 306.
34
Calculate the greatest common divisor of 710894 and 122.
122
Calculate the highest common divisor of 256216 and 8.
8
What is the highest common divisor of 262360 and 560?
280
Calculate the greatest common factor of 25844 and 2548.
364
Calculate the highest common factor of 3532709 and 134.
67
What is the greatest common factor of 233 and 808?
1
Calculate the highest common factor of 1213052 and 68.
68
Calculate the greatest common factor of 126 and 242712.
18
What is the highest common factor of 276325 and 75?
25
Calculate the highest common factor of 42010 and 28.
2
Calculate the highest common factor of 3089204 and 148.
148
What is the greatest common factor of 66 and 74877?
33
What is the highest common factor of 1431 and 28673?
53
What is the highest common factor of 3037827 and 195?
39
Calculate the highest common factor of 686 and 1232.
14
What is the highest common factor of 52560 and 803?
73
Calculate the highest common factor of 95 and 11110535.
95
What is the greatest common divisor of 1368 and 603?
9
Calculate the highest common factor of 2524110 and 10.
10
Calculate the greatest common factor of 658 and 1327374.
94
Calculate the greatest common factor of 27 and 75303.
27
Calculate the highest common factor of 270291 and 366.
183
What is the highest common factor of 44 and 90332?
44
What is the greatest common divisor of 348 and 89233?
29
Calculate the greatest common divisor of 1144 and 1766908.
572
Calculate the highest common factor of 1048 and 88556.
524
What is the highest common divisor of 20 and 175230?
10
Calculate the highest common divisor of 639 and 234513.
639
What is the greatest common factor of 159744 and 11076?
156
What is the greatest common divisor of 275 and 105072?
11
What is the greatest common factor of 1708 and 2316?
4
Calculate the highest common factor of 108 and 36804.
12
What is the greatest common factor of 81603 and 6?
3
What is the highest common factor of 348 and 219588?
348
What is the greatest common factor of 4 and 379388?
4
What is the greatest common factor of 30 and 1926?
6
Calculate the highest common factor of 131247 and 27.
27
What is the highest common factor of 1479 and 3349?
17
What is the greatest common factor of 3548 and 12?
4
Calculate the highest common factor of 6408 and 261.
9
Calculate the highest common factor of 218424 and 19.
19
What is the highest common factor of 24225 and 3553?
323
Calculate the highest common divisor of 486 and 4302.
18
Calculate the greatest common divisor of 496 and 3888.
16
What is the greatest common divisor of 65529 and 81?
81
Calculate the highest common divisor of 1224 and 51714.
306
Calculate the highest common factor of 168311 and 52.
13
What is the highest common divisor of 237886 and 6?
2
What is the greatest common factor of 1958 and 1496?
22
What is the greatest common divisor of 4476 and 110781?
1119
Calculate the highest common factor of 208 and 2836.
4
What is the greatest common divisor of 3872 and 3146?
242
Calculate the highest common factor of 20 and 532.
4
What is the highest common divisor of 1190541 and 645?
129
Calculate the highest common divisor of 124 and 571144.
124
Calculate the greatest common factor of 164720 and 1305.
145
What is the greatest common factor of 1200 and 44025?
75
Calculate the greatest common factor of 70 and 5943700.
70
Calculate the highest common divisor of 837 and 1346733.
837
What is the greatest common factor of 18 and 752346?
18
Calculate the highest common divisor of 49882 and 98.
98
Calculate the highest common divisor of 1107 and 44526.
123
What is the highest common divisor of 3 and 7475?
1
What is the greatest common factor of 64 and 368?
16
What is the highest common factor of 5595 and 5?
5
What is the highest common divisor of 208 and 2223?
13
What is the greatest common divisor of 1 and 4622?
1
Calculate the greatest common divisor of 495326 and 26.
26
What is the highest common factor of 33795 and 1305?
45
Calculate the highest common divisor of 3277275 and 222.
111
Calculate the greatest common divisor of 303 and 1813657.
101
Calculate the highest common factor of 1124388 and 1044.
1044
Calculate the greatest common factor of 3120 and 15315.
15
Calculate the greatest common factor of 46 and 20378.
46
What is the greatest common divisor of 314230 and 210?
70
What is the highest common factor of 1292830 and 44?
22
What is the greatest common factor of 878730 and 3570?
510
Calculate the greatest common divisor of 5889 and 453.
453
Calculate the highest common factor of 832 and 55808.
64
What is the highest common divisor of 52391 and 4?
1
What is the highest common factor of 1014363 and 6237?
567
Calculate the highest common divisor of 48448 and 608.
32
What is the greatest common divisor of 34 and 112489?
17
Calculate the greatest common divisor of 29216 and 1760.
352
What is the greatest common factor of 170 and 124015?
85
What is the highest common divisor of 509080 and 4576?
1144
Calculate the highest common divisor of 168672 and 616.
56
Calculate the highest common divisor of 65235 and 1695.
15
What is the greatest common divisor of 98 and 301742?
98
Calculate the greatest common factor of 80 and 11565.
5
What is the highest common divisor of 9145 and 5270?
155
What is the highest common divisor of 3295 and 53?
1
What is the greatest common divisor of 48724 and 6188?
52
Calculate the greatest common divisor of 41 and 13020165.
41
What is the highest common divisor of 218 and 27904?
218
Calculate the highest common divisor of 6924352 and 64.
64
Calculate the highest common divisor of 102 and 1018623.
51
What is the greatest common divisor of 12 and 5024?
4
Calculate the highest common factor of 113721 and 27.
3
What is the highest common divisor of 60829 and 177?
59
Calculate the highest common divisor of 2480 and 155.
155
What is the highest common divisor of 72 and 3797928?
72
What is the highest common divisor of 115 and 235?
5
What is the greatest common divisor of 60180 and 300?
60
Calculate the greatest common factor of 23163 and 28.
7
Calculate the greatest common divisor of 70293 and 33.
3
What is the greatest common divisor of 1197 and 15309?
63
Calculate the highest common divisor